 a multiple of 3817?
True
Does 383 divide 14486209?
True
Is 37125912 a multiple of 12?
True
Is 597 a factor of 94756412?
False
Is 25 a factor of 34791025?
True
Does 142 divide 410328974?
False
Is 14064726 a multiple of 78?
True
Is 63 a factor of 75116588?
False
Is 1435387530 a multiple of 15?
True
Does 1528 divide 2163001283?
False
Is 1014 a factor of 19305546?
True
Is 20323849 a multiple of 91?
True
Does 287 divide 33985269?
False
Does 14 divide 1153556964?
True
Is 463 a factor of 283439876?
False
Is 283794185 a multiple of 83?
False
Is 849260745 a multiple of 720?
False
Is 2208 a factor of 53797920?
True
Is 3047684 a multiple of 92?
True
Does 190 divide 222104490?
True
Does 121 divide 25336103?
False
Does 267 divide 1251174282?
True
Does 10 divide 845930575?
False
Is 46970986 a multiple of 379?
True
Does 969 divide 212005053?
False
Is 63633888 a multiple of 456?
True
Does 17 divide 175471994?
True
Does 4211 divide 299062044?
False
Does 20 divide 142014502?
False
Is 65 a factor of 96026871?
False
Is 480494656 a multiple of 4?
True
Is 814 a factor of 248615035?
False
Is 80 a factor of 195186?
False
Does 163 divide 2749795493?
True
Is 723976084 a multiple of 26?
True
Is 30 a factor of 1341267330?
True
Is 490293317 a multiple of 233?
False
Does 12 divide 126218376?
True
Is 3437026 a multiple of 92?
False
Does 11 divide 187903083?
False
Is 372213810 a multiple of 90?
True
Is 47428944 a multiple of 3?
True
Is 46612315 a multiple of 23?
False
Is 294856116 a multiple of 7?
False
Is 877813 a multiple of 277?
True
Is 34104966 a multiple of 214?
True
Is 49 a factor of 599294696?
True
Is 24 a factor of 354424535?
False
Does 23 divide 179988332?
False
Does 25 divide 288155925?
True
Does 4 divide 7923?
False
Is 299 a factor of 1011317334?
False
Does 22 divide 985754?
True
Does 9 divide 32977224?
True
Does 13505 divide 697533250?
True
Does 77 divide 512874803?
False
Is 4 a factor of 141351095?
False
Does 122 divide 45561621?
False
Is 43 a factor of 38180431?
True
Does 54 divide 12697452?
True
Is 2510477874 a multiple of 887?
True
Is 30999591 a multiple of 81?
True
Does 2 divide 24383984?
True
Is 215201280 a multiple of 280?
True
Is 17945878 a multiple of 86?
True
Is 22922729 a multiple of 1379?
False
Does 4411 divide 1190135831?
False
Is 5182392 a multiple of 18?
False
Does 31 divide 95370725?
True
Is 139983008 a multiple of 1039?
False
Is 46 a factor of 830719244?
True
Does 5 divide 115848220?
True
Is 199604412 a multiple of 1377?
True
Is 811 a factor of 845842182?
True
Does 2840 divide 284809400?
True
Does 45 divide 43434630?
True
Is 449 a factor of 4029326?
True
Is 847 a factor of 264050839?
False
Is 1813751100 a multiple of 753?
True
Is 29226834 a multiple of 1274?
True
Is 949 a factor of 25931868?
False
Is 323281562 a multiple of 3759?
False
Does 764 divide 938963939?
False
Is 6 a factor of 30509918?
False
Does 161 divide 10991011?
False
Is 30398103 a multiple of 7?
False
Is 72109660 a multiple of 812?
True
Is 17 a factor of 12667199?
False
Is 16 a factor of 461814064?
True
Is 28675019 a multiple of 11?
False
Is 169 a factor of 109949468?
False
Does 27 divide 6491928?
False
Does 845 divide 4926584?
False
Is 429886 even?
True
Is 20 a factor of 2900124507?
False
Does 12 divide 923236356?
True
Is 259 a factor of 20058514?
True
Is 3 a factor of 828055?
False
Is 17750816 a multiple of 274?
True
Is 185 a factor of 7261805?
True
Is 317086907 a multiple of 210?
False
Is 11837608 a multiple of 76?
True
Is 242327485 a multiple of 2?
False
Does 7881 divide 1141101862?
False
Does 36 divide 192762972?
True
Is 221 a factor of 288337794?
False
Is 2 a factor of 19999537?
False
Does 1109 divide 106883069?
False
Does 12 divide 2208822253?
False
Is 698558154 a multiple of 206?
True
Is 214890676 a multiple of 4114?
True
Is 699479001 a multiple of 596?
False
Is 19948097 a multiple of 29?
False
Is 425772244 a multiple of 63?
False
Is 214651788 a multiple of 13?
True
Is 308246063 a multiple of 5831?
False
Is 212439270 a multiple of 115?
True
Does 1692 divide 1132791919?
False
Is 21785640 a multiple of 568?
True
Is 91961872 a multiple of 496?
True
Is 31839120 a multiple of 78?
False
Does 169 divide 21111422?
False
Does 106 divide 88254875?
False
Is 4689582000 a multiple of 8?
True
Is 987384540 a multiple of 12?
True
Is 678247785 a multiple of 3555?
True
Does 29 divide 153469851?
False
Is 24169941 a multiple of 621?
True
Is 371157673 even?
False
Is 26 a factor of 78646672?
True
Is 2081 a factor of 420726175?
True
Is 131013068 a multiple of 940?
False
Does 4 divide 9340185?
False
Is 22 a factor of 44491693?
False
Is 1495 a factor of 1089197200?
True
Does 169 divide 10609651?
True
Is 46056475 a multiple of 19?
True
Does 6 divide 1027425366?
True
Is 41238950 a multiple of 18?
False
Does 554 divide 7521375?
False
Does 16 divide 14546645?
False
Is 37 a factor of 2160888245?
True
Is 118407644 a multiple of 1024?
False
Does 11 divide 15442900?
True
Does 8 divide 9012116?
False
Is 14377128 a multiple of 1483?
False
Is 18 a factor of 1524888972?
True
Does 137 divide 7170005?
False
Is 4951554 a multiple of 3528?
False
Is 88 a factor of 23518116?
False
Does 20 divide 130126079?
False
Is 1002652672 a multiple of 86?
True
Does 378 divide 6708744?
True
Does 59 divide 5175963092?
True
Does 38 divide 95616063?
False
Does 10 divide 192517401?
False
Is 157331936 a multiple of 2866?
True
Is 1114 a factor of 254777244?
False
Is 383570106 a multiple of 508?
False
Is 55331650 a multiple of 50?
True
Is 20510420 a multiple of 196?
True
Is 45 a factor of 1701102?
False
Is 29 a factor of 358077810?
False
Is 21268605 a multiple of 4?
False
Is 211 a factor of 24549822?
False
Does 835 divide 13000067?
False
Is 19 a factor of 6130288?
False
Is 3719 a factor of 561650818?
True
Is 1257 a factor of 57803717?
False
Does 43 divide 89738934?
False
Is 271086816 a multiple of 3696?
True
Is 47 a factor of 3796888091?
True
Is 1917 a factor of 932969394?
True
Is 46614200 a multiple of 1107?
False
Is 2993378504 a multiple of 3764?
False
Is 16 a factor of 4261786?
False
Is 80006820 a multiple of 2702?
False
Is 3121145 a multiple of 5?
True
Is 362667253 a multiple of 22?
False
Is 282078053 a multiple of 10?
False
Does 91 divide 44825731?
False
Does 1294 divide 77293208?
True
Is 8 a factor of 251183308?
False
Is 226349165 a multiple of 74?
False
Is 327 a factor of 12350790?
True
Is 181 a factor of 216839133?
False
Is 250448268 a multiple of 1940?
False
Does 2300 divide 5194337635?
False
Is 8615520 a multiple of 620?
True
Does 464 divide 29006496?
True
Is 43 a factor of 41855641?
True
Does 94 divide 561195040?
True
Is 47990144 a multiple of 368?
True
Is 62 a factor of 40891728?
True
Is 15 a factor of 575873985?
True
Is 189033138 a multiple of 1191?
True
Is 12073638 a multiple of 29?
False
Does 91 divide 39144014?
True
Is 10996991 a multiple of 27?
False
Is 1050 a factor of 1198267458?
False
Does 1669 divide 513372717?
True
Is 5 a factor of 27603976?
False
Is 128097618 a multiple of 102?
True
Is 10315175 a multiple of 1105?
True
Is 14 a factor of 50233414?
True
Is 1402467001 a multiple of 31?
True
Does 115 divide 212231465?
True
Is 218 a factor of 548860126?
True
Does 448 divide 2775360?
True
Is 11255615 a multiple of 85?
True
Is 19 a factor of 2613460640?
True
Does 1388 divide 184789992?
True
Does 7132 divide 1751620792?
False
Is 15 a factor of 5503774?
False
Does 61 divide 17667479?
False
Is 40440045 a multiple of 688?
False
Is 2425 a factor of 1417863550?
True
Is 350 a factor of 19491135?
False
Is 40 a factor of 20952480?
True
Is 67932094 a multiple of 16?
False
Is 927 a factor of 308630794?
False
Is 26427634 a multiple of 118?
True
Is 1325 a factor of 73564419?
False
Is 12 a factor of 5962427?
False
Is 9 a factor of 25739468?
False
Is 7145485 a multiple of 70?
False
Is 111524886 a multiple of 290?
False
Is 42 a factor of 3931611582?
False
Is 161 a factor of 15874056?
False
Does 178 divide 251145038?
False
Is 57 a factor of 1339746334?
False
Is 5946 a factor of 310649158?
False
Is 48182123 a multiple of 591?
False
Is 10 a factor of 2185070?
True
Is 28258591 a multiple of 93?
False
Does 1654 divide 149137872?
True
Is 12492929 a multiple of 68?
False
Is 186 a factor of 9316740?
True
Is 564 a factor of 1098172075?
Fa